at is r(-58)?
-19
Let l(p) = 3*p**2 - 247*p - 320. Calculate l(16).
-3504
Let k(j) = j**3 + 32*j**2 + 115*j - 256. Give k(-6).
-10
Let l(w) = w**3 + 6*w**2 - 55*w - 749. Calculate l(-8).
-437
Let g(w) = 2*w**2 + 244*w + 2942. Calculate g(-13).
108
Let p(a) = -310*a - 61683. Determine p(-199).
7
Let r(f) = f**2 + 293*f + 9889. Determine r(-39).
-17
Let u(j) = 11201272*j - 3. What is u(0)?
-3
Let x(z) = -8696*z - 10680. Give x(-1).
-1984
Let u(o) = -1089792*o - 1089792. Calculate u(-1).
0
Let a(g) = -11*g**2 - 9774*g + 24055. What is a(-891)?
-2
Let c(x) = -3*x**3 + 207*x**2 - 414*x - 78. What is c(67)?
-882
Let z(o) = 10*o**3 - 447*o**2 + 305*o - 27. Calculate z(44).
-159
Let k(g) = 3*g**3 - 12*g**2 - 366*g + 2335. Calculate k(6).
355
Let g(q) = 9*q**2 + 981*q + 19421. What is g(-83)?
-1
Let j(p) = -p**2 - 154*p + 26642. Give j(105).
-553
Let k(w) = -w**3 - 4684*w**2 - 83991*w - 14. Calculate k(-18).
40
Let h(q) = -154*q - 32960. Calculate h(-214).
-4
Let r(s) = -4*s**2 - 257*s - 2585. Calculate r(-52).
-37
Let g(m) = -154353*m - 1234678. Give g(-8).
146
Let d(n) = 6*n**3 + 108*n**2 + 19*n + 377. Determine d(-18).
35
Let l(g) = -6901*g - 7770525. Give l(-1126).
1
Let l(c) = 14*c**3 - 398*c**2 + 184*c - 28. What is l(28)?
420
Let u(r) = -67229*r + 14521465. What is u(216)?
1
Let q(i) = -10*i**2 - 1104*i - 469. What is q(-112)?
-2261
Let t(i) = 2*i**2 - 944*i - 77078. Calculate t(-71).
28
Let g(h) = -27829*h - 194843. Calculate g(-7).
-40
Let l(p) = -14*p**2 - 709*p + 818. Calculate l(-51).
563
Let f(w) = 17*w**2 - 2464*w + 24671. Determine f(10).
1731
Let q(u) = -1661*u + 5436. Determine q(3).
453
Let c(a) = -98*a**2 - 11076*a + 66386. Give c(6).
-3598
Let b(i) = -2*i**3 - 56*i**2 - 200*i - 77. What is b(-6)?
-461
Let h(m) = -4*m**2 + 407*m - 5166. Determine h(86).
252
Let m(k) = -3*k**2 + 2626*k - 268748. Calculate m(757).
-13
Let c(r) = r**2 + 32*r - 5118. Determine c(-89).
-45
Let i(p) = 40*p**2 - 395*p + 1101. Determine i(7).
296
Let w(n) = 2*n**3 + 143*n**2 + 394*n - 45. What is w(-3)?
6
Let n(k) = -26*k - 1705. Give n(-85).
505
Let t(d) = -27*d**2 - 4398*d + 427. Give t(-163).
-62
Let a(f) = 14*f**2 + 1963*f - 3507. Determine a(-142).
43
Let y(g) = g**2 - 2603*g + 54211. Calculate y(21).
-11
Let v(b) = -b**3 + 26*b**2 + 268*b - 1353. Give v(5).
512
Let d(x) = -2*x**2 - 3640*x + 18221. Determine d(5).
-29
Let c(b) = -2137*b + 38837. What is c(18)?
371
Let k(q) = 6035*q - 90486. Determine k(15).
39
Let l(n) = n**3 - 183*n**2 + 5511*n - 157. Give l(145).
-12
Let t(f) = 3*f**3 - 657*f**2 + 634*f + 4379. Give t(218).
19
Let a(q) = -8*q**3 - 87*q**2 - 81*q + 5. Calculate a(-1).
7
Let j(u) = -u**2 + 188452*u + 1130593. Give j(-6).
-155
Let m(v) = -6683*v - 27231. What is m(-4)?
-499
Let u(v) = -v**2 - 696*v - 33383. Calculate u(-52).
105
Let b(o) = 13*o**2 + 2073*o + 14348. Determine b(-7).
474
Let y(n) = -234284*n - 24834102. Determine y(-106).
2
Let f(w) = 27676*w - 4787924. Determine f(173).
24
Let d(k) = 486*k + 43132. Calculate d(-91).
-1094
Let l(f) = 62*f**3 - 419*f**2 - 1249*f + 6. Determine l(9).
24
Let r(t) = -11*t**2 + 6035*t - 41695. Calculate r(7).
11
Let g(y) = 2023*y - 273105. Calculate g(135).
0
Let a(k) = 2*k**3 - 171*k**2 + 3639*k - 230. Give a(46).
0
Let v(t) = -212*t**2 + 1102*t - 19. Determine v(5).
191
Let w(m) = 2233*m + 6016. Give w(-4).
-2916
Let q(m) = m**3 - 21*m**2 - 93*m - 42. Calculate q(25).
133
Let a(o) = -o**3 - 6479*o**2 + 25932*o - 5. Calculate a(4).
-5
Let b(t) = -28*t**2 - 2020*t + 175870. Calculate b(51).
22
Let i(k) = -k**3 + 49*k**2 + 12*k - 314. Determine i(49).
274
Let x(z) = 9080880*z + 36323523. What is x(-4)?
3
Let t(j) = -33*j - 4424. Determine t(-133).
-35
Let j(l) = -20692*l + 1. What is j(0)?
1
Let w(g) = -1995*g - 97788. What is w(-49)?
-33
Let k(b) = 2*b**3 - 600*b**2 + 336*b + 78333. Calculate k(299).
-5
Let h(v) = 1160*v - 313109. Give h(270).
91
Let u(m) = -34*m**2 + 1216*m + 211. Calculate u(36).
-77
Let n(i) = 1003*i - 11163. Give n(11).
-130
Let j(h) = 902*h + 611560. Calculate j(-678).
4
Let c(u) = 472*u + 103375. Determine c(-219).
7
Let f(d) = -18*d**2 + 753*d + 4640. Calculate f(-6).
-526
Let a(x) = -109*x - 7172. What is a(-70)?
458
Let j(x) = 2*x**3 - 120*x**2 + 548*x + 139. Determine j(55).
29
Let i(d) = d**3 + 30*d**2 - 144*d - 442. Calculate i(-34).
-170
Let r(m) = -31*m**2 - 185*m - 887. Determine r(-10).
-2137
Let o(g) = -5255*g + 21223. Calculate o(4).
203
Let r(g) = g**3 - 43*g**2 + 59*g + 1078. What is r(41)?
135
Let u(t) = t**3 + 34*t**2 - 704*t - 22803. Give u(-36).
-51
Let t(r) = 43421*r + 43400. Give t(-1).
-21
Let b(h) = -2*h**3 - 249*h**2 - 2365*h + 3287. What is b(-114)?
-19
Let p(s) = s**2 - 10548*s + 189581. What is p(18)?
41
Let l(b) = 14172*b - 1488062. Give l(105).
-2
Let u(s) = -s**2 + 286*s - 19842. Determine u(118).
-18
Let j(t) = -16176*t - 226454. Calculate j(-14).
10
Let v(s) = 39*s + 1567. Give v(-13).
1060
Let q(i) = 2*i**2 + 117*i - 2925. What is q(19)?
20
Let j(v) = -715*v - 16417. Give j(-23).
28
Let a(w) = -51*w**2 + 10234*w - 69130. Give a(7).
9
Let v(x) = 9077*x - 2260168. Calculate v(249).
5
Let m(a) = a**3 + 4*a**2 - 2751*a - 10968. What is m(-4)?
36
Let u(h) = -h**2 - 327*h - 15251. Determine u(-56).
-75
Let j(c) = -3088*c**2 - 37029*c + 339. Determine j(-12).
15
Let q(l) = l**3 - 99*l**2 - 2110*l - 277. Give q(117).
-745
Let c(s) = -2752722*s + 63312599. Calculate c(23).
-7
Let n(t) = -8*t**2 - 789*t - 5965. What is n(-90)?
245
Let p(u) = u**3 + 47*u**2 + 215*u - 1587. What is p(-10)?
-37
Let m(y) = -y**2 - 155*y - 1817. Calculate m(-99).
3727
Let j(v) = 33*v - 761. Give j(-3).
-860
Let r(v) = 653*v + 27839. What is r(-43)?
-240
Let r(c) = -c**3 + 51*c**2 - 42*c - 947. Give r(50).
-547
Let a(i) = 46*i**2 - 4027*i + 501. Determine a(88).
2349
Let j(a) = a**2 - 629*a + 45770. Give j(84).
-10
Let h(v) = 48*v**2 + 2255*v - 58. What is h(-47)?
-11
Let l(p) = -444178*p + 2220886. Determine l(5).
-4
Let r(m) = 33*m**2 + 607*m + 2154. Determine r(-4).
254
Let n(o) = 2*o**3 - 134*o**2 - 160*o + 934. Determine n(68).
-698
Let c(u) = -333*u**2 + 2002*u - 23. Give c(6).
1
Let s(m) = -3*m**3 - 42*m**2 - 174*m - 219. What is s(-3)?
6
Let n(v) = 605*v**2 + 3632*v - 51. Give n(-6).
-63
Let k(g) = -1728*g + 8700. Give k(5).
60
Let i(s) = -5*s**3 - 25*s**2 + 884*s - 48. What is i(11)?
-4
Let z(k) = k**2 - 1285*k - 72307. Calculate z(-54).
-1
Let v(j) = 663*j + 328. Calculate v(-1).
-335
Let d(f) = -3243*f + 243974. What is d(75)?
749
Let h(c) = 12*c**2 + 6762*c + 108302. What is h(-547)?
-4
Let z(l) = -3*l**3 + 47*l**2 - 43*l - 127. Calculate z(14).
251
Let f(n) = 12118*n + 302989. What is f(-25)?
39
Let b(o) = 3173*o + 28728. Determine b(-9).
171
Let v(y) = 10*y**2 - 159*y - 376. What is v(16)?
-360
Let z(j) = 1064*j + 12633. What is z(-12)?
-135
Let m(j) = 3*j**3 + 2*j**2 - 10*j - 17. What is m(-3)?
-50
Let t(n) = n**3 + 8*n**2 - 4923*n + 33682. What is t(7)?
-44
Let h(a) = -611*a**2 - 490*a + 54. Give h(-1).
-67
Let p(l) = -2*l**2 - 67*l - 158. Determine p(40).
-6038
Let q(j) = 167*j**2 + 4337*j - 21. What is q(-26)?
109
Let f(v) = 5*v**3 - 699*v**2 - 273*v + 18593. Determine f(140).
-27
Let w(y) = y**2 + 17*y - 1270. Calculate w(55).
2690
Let r(x) = -2*x**3 - 107*x**2 - 1256*x + 2388. Determine r(-34).
8
Let m(v) = 6*v**2 + 224*v - 1230. Give m(5).
40
Let w(p) = 2*p**3 - 83*p**2 + 18*p + 955. Give w(41).
12
Let o(a) = -a**3 - 223*a**2 - 11676*a - 3. What is o(-84)?
-3
Let b(l) = 52*l**2 + 11650*l - 11249. Give b(-225).
1
Let k(x) = -1727*x + 75463. Calculate k(42).
2929
Let p(v) = v**3 - 86*v**2 - 657*v + 335. What is p(93)?
-223
Let w(x) = -1333*x**2 + 2669*x - 1. Calculate w(2).
5
Let k(g) = 7103*g + 5006. Calculate k(-1).
-2097
Let o(q) = -q**3 + 10*q**2 + 1812*q - 16413. Calculate o(9).
-24
Let x(u) = 7*u**3 - 69*u**2 - 372*u + 78. Calculate x(-4).
14
Let k(h) = 2*h**2 - 431*h + 5660. Determine k(14).
18
Let r(x) = 29*x - 2477. Calculate r(90).
133
Let j(m) = -26*m**2 - 45*m - 470. Determine j(-8).
-1774
Let a(l) = -5*l**3 - 119*l**2 - 100*l - 283. Calculate a(-23).
-99
Let g(k) = 295*k - 3929. Give g(17).
1086
Let z(j) = 22*j**3 + 98*j**2 + 37*j + 4. Determine z(-4).
16
Let i(w) = 9932*w - 49622. Calculate i(5).
38
Let l(k) = 26*k**3 - 4572*k**2 - 705